remainder when 920638 is divided by 42?
40
What is the remainder when 4247 is divided by 59?
58
What is the remainder when 79881 is divided by 7?
4
What is the remainder when 7975 is divided by 1134?
37
Calculate the remainder when 316438 is divided by 30.
28
What is the remainder when 6462 is divided by 73?
38
Calculate the remainder when 3163 is divided by 1577.
9
Calculate the remainder when 378681 is divided by 314.
311
Calculate the remainder when 5041 is divided by 838.
13
Calculate the remainder when 1685 is divided by 742.
201
Calculate the remainder when 19173 is divided by 546.
63
Calculate the remainder when 70270 is divided by 85.
60
Calculate the remainder when 16275981 is divided by 24.
21
What is the remainder when 125115 is divided by 32?
27
Calculate the remainder when 2368 is divided by 470.
18
Calculate the remainder when 11770 is divided by 4907.
1956
What is the remainder when 61531 is divided by 43?
41
What is the remainder when 9648 is divided by 439?
429
What is the remainder when 64617 is divided by 598?
33
What is the remainder when 93334 is divided by 93319?
15
What is the remainder when 63539 is divided by 357?
350
Calculate the remainder when 35182 is divided by 8.
6
What is the remainder when 59866 is divided by 413?
394
Calculate the remainder when 701552 is divided by 646.
642
What is the remainder when 2672 is divided by 1334?
4
Calculate the remainder when 108352 is divided by 23.
22
What is the remainder when 34707 is divided by 56?
43
What is the remainder when 2637 is divided by 2481?
156
Calculate the remainder when 119905 is divided by 731.
21
What is the remainder when 25142 is divided by 23?
3
What is the remainder when 35141 is divided by 355?
351
What is the remainder when 229530 is divided by 89?
88
Calculate the remainder when 6728 is divided by 53.
50
What is the remainder when 167 is divided by 55?
2
What is the remainder when 2934 is divided by 33?
30
What is the remainder when 22835 is divided by 22823?
12
What is the remainder when 60733 is divided by 191?
186
What is the remainder when 88491 is divided by 76?
27
Calculate the remainder when 32581 is divided by 22.
21
What is the remainder when 19171 is divided by 9558?
55
What is the remainder when 10739 is divided by 24?
11
What is the remainder when 1475 is divided by 126?
89
What is the remainder when 45888 is divided by 110?
18
Calculate the remainder when 61598 is divided by 50.
48
Calculate the remainder when 291 is divided by 114.
63
What is the remainder when 30708 is divided by 23?
3
Calculate the remainder when 2740 is divided by 16.
4
Calculate the remainder when 2049 is divided by 99.
69
What is the remainder when 3539 is divided by 1108?
215
What is the remainder when 315038 is divided by 112?
94
Calculate the remainder when 1357431 is divided by 671.
669
Calculate the remainder when 9036 is divided by 74.
8
Calculate the remainder when 1128079 is divided by 1180.
1179
Calculate the remainder when 863 is divided by 62.
57
Calculate the remainder when 950 is divided by 466.
18
What is the remainder when 928647 is divided by 75?
72
Calculate the remainder when 14063 is divided by 270.
23
Calculate the remainder when 9631 is divided by 111.
85
What is the remainder when 40343 is divided by 20103?
137
What is the remainder when 7849 is divided by 54?
19
What is the remainder when 2541 is divided by 1899?
642
What is the remainder when 116758 is divided by 828?
10
What is the remainder when 922 is divided by 292?
46
What is the remainder when 5788 is divided by 722?
12
Calculate the remainder when 5355 is divided by 591.
36
What is the remainder when 697745 is divided by 72?
65
Calculate the remainder when 9072 is divided by 603.
27
Calculate the remainder when 29194 is divided by 176.
154
Calculate the remainder when 7245 is divided by 2402.
39
Calculate the remainder when 12640 is divided by 819.
355
Calculate the remainder when 141043 is divided by 109.
106
What is the remainder when 2269 is divided by 1533?
736
What is the remainder when 803290 is divided by 917?
915
What is the remainder when 423 is divided by 414?
9
What is the remainder when 195556 is divided by 6743?
9
What is the remainder when 2367 is divided by 2356?
11
What is the remainder when 665 is divided by 510?
155
What is the remainder when 8240989 is divided by 368?
365
What is the remainder when 5104 is divided by 4763?
341
What is the remainder when 13238 is divided by 1202?
16
What is the remainder when 1827 is divided by 112?
35
Calculate the remainder when 5849 is divided by 455.
389
Calculate the remainder when 85242 is divided by 28401.
39
What is the remainder when 3983 is divided by 282?
35
Calculate the remainder when 50182 is divided by 3584.
6
What is the remainder when 517513 is divided by 491?
490
What is the remainder when 1106 is divided by 116?
62
Calculate the remainder when 598395 is divided by 251.
11
Calculate the remainder when 466481 is divided by 100.
81
What is the remainder when 785175 is divided by 1086?
1083
What is the remainder when 108 is divided by 38?
32
Calculate the remainder when 2228 is divided by 68.
52
Calculate the remainder when 850 is divided by 121.
3
Calculate the remainder when 235550 is divided by 6.
2
Calculate the remainder when 1046 is divided by 918.
128
Calculate the remainder when 2396 is divided by 2379.
17
What is the remainder when 4690553 is divided by 26?
23
Calculate the remainder when 10017 is divided by 358.
351
What is the remainder when 55599 is divided by 830?
819
What is the remainder when 1034 is divided by 341?
11
What is the remainder when 4179 is divided by 536?
427
Calculate the remainder when 943 is divided by 108.
79
What is the remainder when 1745 is divided by 39?
29
What is the remainder when 9743 is divided by 1363?
202
Calculate the remainder when 24469 is divided by 8153.
10
Calculate the remainder when 157619 is divided by 276.
23
Calculate the remainder when 59179 is divided by 5911.
69
Calculate the remainder when 35 is divided by 26.
9
Calculate the remainder when 18785 is divided by 148.
137
What is the remainder when 2843 is divided by 465?
53
Calculate the remainder when 81618 is divided by 370.
218
What is the remainder when 149524 is divided by 24919?
10
Calculate the remainder when 36122 is divided by 9023.
30
Calculate the remainder when 4189 is divided by 155.
4
What is the remainder when 782436 is divided by 55?
6
Calculate the remainder when 18995 is divided by 6323.
26
What is the remainder when 5105 is divided by 146?
141
What is the remainder when 23284 is divided by 11550?
184
What is the remainder when 1498 is divided by 150?
148
Calculate the remainder when 24300 is divided by 103.
95
Calculate the remainder when 115148 is divided by 118.
98
Calculate the remainder when 179712 is divided by 321.
273
What is the remainder when 2168 is divided by 167?
164
Calculate the remainder when 55379 is divided by 54.
29
What is the remainder when 68368 is divided by 70?
48
What is the remainder when 4581 is divided by 225?
81
What is the remainder when 96465 is divided by 51?
24
What is the remainder when 78300 is divided by 49?
47
Calculate the remainder when 32201 is divided by 343.
302
What is the remainder when 134913 is divided by 171?
165
What is the remainder when 264272 is divided by 275?
272
What is the remainder when 1984 is divided by 273?
73
Calculate the remainder when 51353 is divided by 383.
31
What is the remainder when 1112 is divided by 96?
56
Calculate the remainder when 4840 is divided by 202.
194
Calculate the remainder when 18336 is divided by 13.
6
What is the remainder when 28939 is divided by 48?
43
What is the remainder when 5088 is divided by 507?
18
What is the remainder when 5821 is divided by 192?
61
Calculate the remainder when 452281 is divided by 80.
41
What is the remainder when 607098 is divided by 576?
570
Calculate the remainder when 6836 is divided by 207.
5
What is the remainder when 880035 is divided by 59?
50
What is the remainder when 64905 is divided by 21571?
192
Calculate the remainder when 18600 is divided by 6179.
63
Calculate the remainder when 708227 is divided by 175.
2
Calculate the remainder when 595 is divided by 569.
26
Wha